{"id":1063,"date":"2021-04-08T18:20:00","date_gmt":"2021-04-08T16:20:00","guid":{"rendered":"http:\/\/wordpress.lff.de.w0173c86.kasserver.com\/?page_id=1063"},"modified":"2021-04-11T21:06:45","modified_gmt":"2021-04-11T19:06:45","slug":"luxius-deckenleuchte","status":"publish","type":"page","link":"https:\/\/www.lff.de\/en\/projekte\/sonderanfertigung\/luxius-deckenleuchte\/","title":{"rendered":"Luxius Deckenleuchte"},"content":{"rendered":"<div class=\"fusion-fullwidth fullwidth-box fusion-builder-row-1 fusion-flex-container nonhundred-percent-fullwidth non-hundred-percent-height-scrolling\" style=\"background-color: rgba(255,255,255,0);background-position: center center;background-repeat: no-repeat;border-width: 0px 0px 0px 0px;border-color:#e2e2e2;border-style:solid;\" ><div class=\"fusion-builder-row fusion-row fusion-flex-align-items-flex-start\" style=\"max-width:1248px;margin-left: calc(-4% \/ 2 );margin-right: calc(-4% \/ 2 );\"><div class=\"fusion-layout-column fusion_builder_column fusion-builder-column-0 fusion_builder_column_1_3 1_3 fusion-flex-column\"><div class=\"fusion-column-wrapper fusion-flex-justify-content-flex-start fusion-content-layout-column\" style=\"background-position:left top;background-repeat:no-repeat;-webkit-background-size:cover;-moz-background-size:cover;-o-background-size:cover;background-size:cover;padding: 0px 0px 0px 0px;\"><div ><span class=\" fusion-imageframe imageframe-none imageframe-1 hover-type-none fusion-no-small-visibility\"><a href=\"https:\/\/www.lff.de\/wp-content\/uploads\/2021\/04\/LUXIUS-Aurelio-Bad.jpg\" class=\"fusion-lightbox\" data-rel=\"iLightbox[9cee3b2269c6da199ee]\" data-title=\"LUXIUS-Aurelio-Bad\" title=\"LUXIUS-Aurelio-Bad\"><img width=\"1000\" height=\"665\" alt=\"LUXIUS-Aurelio-Bad\" src=\"https:\/\/www.lff.de\/wp-content\/uploads\/2021\/04\/LUXIUS-Aurelio-Bad.jpg\" class=\"img-responsive wp-image-1065\" srcset=\"https:\/\/www.lff.de\/wp-content\/uploads\/2021\/04\/LUXIUS-Aurelio-Bad-200x133.jpg 200w, https:\/\/www.lff.de\/wp-content\/uploads\/2021\/04\/LUXIUS-Aurelio-Bad-400x266.jpg 400w, https:\/\/www.lff.de\/wp-content\/uploads\/2021\/04\/LUXIUS-Aurelio-Bad-600x399.jpg 600w, https:\/\/www.lff.de\/wp-content\/uploads\/2021\/04\/LUXIUS-Aurelio-Bad-800x532.jpg 800w, https:\/\/www.lff.de\/wp-content\/uploads\/2021\/04\/LUXIUS-Aurelio-Bad.jpg 1000w\" sizes=\"(max-width: 640px) 100vw, 400px\" \/><\/a><\/span><\/div><div class=\"fusion-separator fusion-full-width-sep\" style=\"align-self: center;margin-left: auto;margin-right: auto;margin-top:50px;width:100%;\"><\/div><style type=\"text\/css\">.fusion-gallery-1 .fusion-gallery-image {border:0px solid #e2e2e2;}<\/style><div class=\"fusion-gallery fusion-gallery-container fusion-grid-3 fusion-columns-total-6 fusion-gallery-layout-grid fusion-gallery-1\" style=\"margin:-5px;\"><div style=\"padding:5px;\" class=\"fusion-grid-column fusion-gallery-column fusion-gallery-column-3 hover-type-none\"><div class=\"fusion-gallery-image\"><a href=\"https:\/\/www.lff.de\/wp-content\/uploads\/2021\/04\/LUXIUS-Aurelio-Bad-1.jpg\" rel=\"noreferrer\" data-rel=\"iLightbox[gallery_image_1]\" class=\"fusion-lightbox\" target=\"_self\"><img src=\"https:\/\/www.lff.de\/wp-content\/uploads\/2021\/04\/LUXIUS-Aurelio-Bad-1-460x295.jpg\" width=\"460\" height=\"295\" alt=\"LUXIUS-Aurelio-Bad\" title=\"LUXIUS-Aurelio-Bad\" aria-label=\"LUXIUS-Aurelio-Bad\" class=\"img-responsive wp-image-1378 fusion-gallery-image-size-fixed\" \/><\/a><\/div><\/div><div style=\"padding:5px;\" class=\"fusion-grid-column fusion-gallery-column fusion-gallery-column-3 hover-type-none\"><div class=\"fusion-gallery-image\"><a href=\"https:\/\/www.lff.de\/wp-content\/uploads\/2021\/04\/aufbau-01.jpg\" rel=\"noreferrer\" data-rel=\"iLightbox[gallery_image_1]\" class=\"fusion-lightbox\" target=\"_self\"><img src=\"https:\/\/www.lff.de\/wp-content\/uploads\/2021\/04\/aufbau-01-460x295.jpg\" width=\"460\" height=\"295\" alt=\"Luxius Deckenleuchte\" title=\"aufbau-01\" aria-label=\"aufbau-01\" class=\"img-responsive wp-image-1375 fusion-gallery-image-size-fixed\" \/><\/a><\/div><\/div><div style=\"padding:5px;\" class=\"fusion-grid-column fusion-gallery-column fusion-gallery-column-3 hover-type-none\"><div class=\"fusion-gallery-image\"><a href=\"https:\/\/www.lff.de\/wp-content\/uploads\/2021\/04\/Aurelio_DSC_0279_klein.jpg\" rel=\"noreferrer\" data-rel=\"iLightbox[gallery_image_1]\" class=\"fusion-lightbox\" target=\"_self\"><img src=\"https:\/\/www.lff.de\/wp-content\/uploads\/2021\/04\/Aurelio_DSC_0279_klein-460x295.jpg\" width=\"460\" height=\"295\" alt=\"Luxius Deckenleuchte\" title=\"Aurelio_DSC_0279_klein\" aria-label=\"Aurelio_DSC_0279_klein\" class=\"img-responsive wp-image-1376 fusion-gallery-image-size-fixed\" \/><\/a><\/div><\/div><div class=\"clearfix\"><\/div><div style=\"padding:5px;\" class=\"fusion-grid-column fusion-gallery-column fusion-gallery-column-3 hover-type-none\"><div class=\"fusion-gallery-image\"><a href=\"https:\/\/www.lff.de\/wp-content\/uploads\/2021\/04\/einbau02.jpg\" rel=\"noreferrer\" data-rel=\"iLightbox[gallery_image_1]\" class=\"fusion-lightbox\" target=\"_self\"><img src=\"https:\/\/www.lff.de\/wp-content\/uploads\/2021\/04\/einbau02-460x295.jpg\" width=\"460\" height=\"295\" alt=\"Luxius Deckenleuchte\" title=\"einbau02\" aria-label=\"einbau02\" class=\"img-responsive wp-image-1377 fusion-gallery-image-size-fixed\" \/><\/a><\/div><\/div><div style=\"padding:5px;\" class=\"fusion-grid-column fusion-gallery-column fusion-gallery-column-3 hover-type-none\"><div class=\"fusion-gallery-image\"><a href=\"https:\/\/www.lff.de\/wp-content\/uploads\/2021\/04\/oval-02.jpg\" rel=\"noreferrer\" data-rel=\"iLightbox[gallery_image_1]\" class=\"fusion-lightbox\" target=\"_self\"><img src=\"https:\/\/www.lff.de\/wp-content\/uploads\/2021\/04\/oval-02-460x295.jpg\" width=\"460\" height=\"295\" alt=\"Luxius Deckenleuchte\" title=\"oval-02\" aria-label=\"oval-02\" class=\"img-responsive wp-image-1379 fusion-gallery-image-size-fixed\" \/><\/a><\/div><\/div><div style=\"padding:5px;\" class=\"fusion-grid-column fusion-gallery-column fusion-gallery-column-3 hover-type-none\"><div class=\"fusion-gallery-image\"><a href=\"https:\/\/www.lff.de\/wp-content\/uploads\/2021\/04\/wand-eckig-02-scaled.jpg\" rel=\"noreferrer\" data-rel=\"iLightbox[gallery_image_1]\" class=\"fusion-lightbox\" target=\"_self\"><img src=\"https:\/\/www.lff.de\/wp-content\/uploads\/2021\/04\/wand-eckig-02-460x295.jpg\" width=\"460\" height=\"295\" alt=\"Luxius Deckenleuchte\" title=\"wand-eckig-02\" aria-label=\"wand-eckig-02\" class=\"img-responsive wp-image-1380 fusion-gallery-image-size-fixed\" \/><\/a><\/div><\/div><div class=\"clearfix\"><\/div><\/div><\/div><\/div><style type=\"text\/css\">.fusion-body .fusion-builder-column-0{width:33.3333333333% !important;margin-top : 0px;margin-bottom : 20px;}.fusion-builder-column-0 > .fusion-column-wrapper {padding-top : 0px !important;padding-right : 0px !important;margin-right : 5.76%;padding-bottom : 0px !important;padding-left : 0px !important;margin-left : 5.76%;}@media only screen and (max-width:1024px) {.fusion-body .fusion-builder-column-0{width:33.3333333333% !important;order : 0;}.fusion-builder-column-0 > .fusion-column-wrapper {margin-right : 5.76%;margin-left : 5.76%;}}@media only screen and (max-width:640px) {.fusion-body .fusion-builder-column-0{width:100% !important;order : 0;}.fusion-builder-column-0 > .fusion-column-wrapper {margin-right : 1.92%;margin-left : 1.92%;}}<\/style><div class=\"fusion-layout-column fusion_builder_column fusion-builder-column-1 fusion_builder_column_2_3 2_3 fusion-flex-column\"><div class=\"fusion-column-wrapper fusion-flex-justify-content-flex-start fusion-content-layout-column\" style=\"background-position:left top;background-repeat:no-repeat;-webkit-background-size:cover;-moz-background-size:cover;-o-background-size:cover;background-size:cover;padding: 0px 0px 0px 0px;\"><div class=\"fusion-text fusion-text-1\" style=\"transform:translate3d(0,0,0);\"><div class=\"artikel_text\">\n<p>Projekt<br \/>\nHotel Badezimmer<\/p>\n<p>Produkt<br \/>\nLuxius Spiegelleuchte<\/p>\n<p>Installation<br \/>\nLuxius Wandleuchten mit vollst\u00e4ndigem, satiniertem<br \/>\nGlask\u00f6rper, auf den Spiegel montiert, zur gleichm\u00e4\u00dfigen,<br \/>\nblendfreien Ausleuchtung des Waschtisches.<\/p>\n<p>Architektur<br \/>\nLichtkompetenz<\/p>\n<p>Lichtplanung<br \/>\nLichtkompetenz<\/p>\n<p>Foto<br \/>\nLichtkompetenz<\/p>\n<\/div>\n<\/div><\/div><\/div><style type=\"text\/css\">.fusion-body .fusion-builder-column-1{width:66.6666666667% !important;margin-top : 0px;margin-bottom : 20px;}.fusion-builder-column-1 > .fusion-column-wrapper {padding-top : 0px !important;padding-right : 0px !important;margin-right : 2.88%;padding-bottom : 0px !important;padding-left : 0px !important;margin-left : 2.88%;}@media only screen and (max-width:1024px) {.fusion-body .fusion-builder-column-1{width:66.6666666667% !important;order : 0;}.fusion-builder-column-1 > .fusion-column-wrapper {margin-right : 2.88%;margin-left : 2.88%;}}@media only screen and (max-width:640px) {.fusion-body .fusion-builder-column-1{width:100% !important;order : 0;}.fusion-builder-column-1 > .fusion-column-wrapper {margin-right : 1.92%;margin-left : 1.92%;}}<\/style><\/div><style type=\"text\/css\">.fusion-body .fusion-flex-container.fusion-builder-row-1{ padding-top : 0px;margin-top : 0px;padding-right : 0px;padding-bottom : 0px;margin-bottom : 0px;padding-left : 0px;}<\/style><\/div>\n","protected":false},"excerpt":{"rendered":"","protected":false},"author":1,"featured_media":0,"parent":609,"menu_order":0,"comment_status":"closed","ping_status":"closed","template":"","meta":[],"_links":{"self":[{"href":"https:\/\/www.lff.de\/en\/wp-json\/wp\/v2\/pages\/1063"}],"collection":[{"href":"https:\/\/www.lff.de\/en\/wp-json\/wp\/v2\/pages"}],"about":[{"href":"https:\/\/www.lff.de\/en\/wp-json\/wp\/v2\/types\/page"}],"author":[{"embeddable":true,"href":"https:\/\/www.lff.de\/en\/wp-json\/wp\/v2\/users\/1"}],"replies":[{"embeddable":true,"href":"https:\/\/www.lff.de\/en\/wp-json\/wp\/v2\/comments?post=1063"}],"version-history":[{"count":4,"href":"https:\/\/www.lff.de\/en\/wp-json\/wp\/v2\/pages\/1063\/revisions"}],"predecessor-version":[{"id":1382,"href":"https:\/\/www.lff.de\/en\/wp-json\/wp\/v2\/pages\/1063\/revisions\/1382"}],"up":[{"embeddable":true,"href":"https:\/\/www.lff.de\/en\/wp-json\/wp\/v2\/pages\/609"}],"wp:attachment":[{"href":"https:\/\/www.lff.de\/en\/wp-json\/wp\/v2\/media?parent=1063"}],"curies":[{"name":"wp","href":"https:\/\/api.w.org\/{rel}","templated":true}]}}

<div class="fusion-fullwidth fullwidth-box fusion-builder-row-1 fusion-flex-container nonhundred-percent-fullwidth non-hundred-percent-height-scrolling" style="background-color: rgba(255,255,255,0);background-position: center center;background-repeat: no-repeat;border-width: 0px 0px 0px 0px;border-color:#e2e2e2;border-style:solid;" ><div class="fusion-builder-row fusion-row fusion-flex-align-items-flex-start" style="max-width:1248px;margin-left: calc(-4% / 2 );margin-right: calc(-4% / 2 );"><div class="fusion-layout-column fusion_builder_column fusion-builder-column-0 fusion_builder_column_1_3 1_3 fusion-flex-column"><div class="fusion-column-wrapper fusion-flex-justify-content-flex-start fusion-content-layout-column" style="background-position:left top;background-repeat:no-repeat;-webkit-background-size:cover;-moz-background-size:cover;-o-background-size:cover;background-size:cover;padding: 0px 0px 0px 0px;"><div ><span class=" fusion-imageframe imageframe-none imageframe-1 hover-type-none fusion-no-small-visibility"><a href="https://www.lff.de/wp-content/uploads/2021/04/LUXIUS-Aurelio-Bad.jpg" class="fusion-lightbox" data-rel="iLightbox[9cee3b2269c6da199ee]" data-title="LUXIUS-Aurelio-Bad" title="LUXIUS-Aurelio-Bad"><img width="1000" height="665" alt="LUXIUS-Aurelio-Bad" src="https://www.lff.de/wp-content/uploads/2021/04/LUXIUS-Aurelio-Bad.jpg" class="img-responsive wp-image-1065" srcset="https://www.lff.de/wp-content/uploads/2021/04/LUXIUS-Aurelio-Bad-200x133.jpg 200w, https://www.lff.de/wp-content/uploads/2021/04/LUXIUS-Aurelio-Bad-400x266.jpg 400w, https://www.lff.de/wp-content/uploads/2021/04/LUXIUS-Aurelio-Bad-600x399.jpg 600w, https://www.lff.de/wp-content/uploads/2021/04/LUXIUS-Aurelio-Bad-800x532.jpg 800w, https://www.lff.de/wp-content/uploads/2021/04/LUXIUS-Aurelio-Bad.jpg 1000w" sizes="(max-width: 640px) 100vw, 400px" /></a></span></div><div class="fusion-separator fusion-full-width-sep" style="align-self: center;margin-left: auto;margin-right: auto;margin-top:50px;width:100%;"></div><style type="text/css">.fusion-gallery-1 .fusion-gallery-image {border:0px solid #e2e2e2;}</style><div class="fusion-gallery fusion-gallery-container fusion-grid-3 fusion-columns-total-6 fusion-gallery-layout-grid fusion-gallery-1" style="margin:-5px;"><div style="padding:5px;" class="fusion-grid-column fusion-gallery-column fusion-gallery-column-3 hover-type-none"><div class="fusion-gallery-image"><a href="https://www.lff.de/wp-content/uploads/2021/04/LUXIUS-Aurelio-Bad-1.jpg" rel="noreferrer" data-rel="iLightbox[gallery_image_1]" class="fusion-lightbox" target="_self"><img src="https://www.lff.de/wp-content/uploads/2021/04/LUXIUS-Aurelio-Bad-1-460x295.jpg" width="460" height="295" alt="LUXIUS-Aurelio-Bad" title="LUXIUS-Aurelio-Bad" aria-label="LUXIUS-Aurelio-Bad" class="img-responsive wp-image-1378 fusion-gallery-image-size-fixed" /></a></div></div><div style="padding:5px;" class="fusion-grid-column fusion-gallery-column fusion-gallery-column-3 hover-type-none"><div class="fusion-gallery-image"><a href="https://www.lff.de/wp-content/uploads/2021/04/aufbau-01.jpg" rel="noreferrer" data-rel="iLightbox[gallery_image_1]" class="fusion-lightbox" target="_self"><img src="https://www.lff.de/wp-content/uploads/2021/04/aufbau-01-460x295.jpg" width="460" height="295" alt="Luxius Deckenleuchte" title="aufbau-01" aria-label="aufbau-01" class="img-responsive wp-image-1375 fusion-gallery-image-size-fixed" /></a></div></div><div style="padding:5px;" class="fusion-grid-column fusion-gallery-column fusion-gallery-column-3 hover-type-none"><div class="fusion-gallery-image"><a href="https://www.lff.de/wp-content/uploads/2021/04/Aurelio_DSC_0279_klein.jpg" rel="noreferrer" data-rel="iLightbox[gallery_image_1]" class="fusion-lightbox" target="_self"><img src="https://www.lff.de/wp-content/uploads/2021/04/Aurelio_DSC_0279_klein-460x295.jpg" width="460" height="295" alt="Luxius Deckenleuchte" title="Aurelio_DSC_0279_klein" aria-label="Aurelio_DSC_0279_klein" class="img-responsive wp-image-1376 fusion-gallery-image-size-fixed" /></a></div></div><div class="clearfix"></div><div style="padding:5px;" class="fusion-grid-column fusion-gallery-column fusion-gallery-column-3 hover-type-none"><div class="fusion-gallery-image"><a href="https://www.lff.de/wp-content/uploads/2021/04/einbau02.jpg" rel="noreferrer" data-rel="iLightbox[gallery_image_1]" class="fusion-lightbox" target="_self"><img src="https://www.lff.de/wp-content/uploads/2021/04/einbau02-460x295.jpg" width="460" height="295" alt="Luxius Deckenleuchte" title="einbau02" aria-label="einbau02" class="img-responsive wp-image-1377 fusion-gallery-image-size-fixed" /></a></div></div><div style="padding:5px;" class="fusion-grid-column fusion-gallery-column fusion-gallery-column-3 hover-type-none"><div class="fusion-gallery-image"><a href="https://www.lff.de/wp-content/uploads/2021/04/oval-02.jpg" rel="noreferrer" data-rel="iLightbox[gallery_image_1]" class="fusion-lightbox" target="_self"><img src="https://www.lff.de/wp-content/uploads/2021/04/oval-02-460x295.jpg" width="460" height="295" alt="Luxius Deckenleuchte" title="oval-02" aria-label="oval-02" class="img-responsive wp-image-1379 fusion-gallery-image-size-fixed" /></a></div></div><div style="padding:5px;" class="fusion-grid-column fusion-gallery-column fusion-gallery-column-3 hover-type-none"><div class="fusion-gallery-image"><a href="https://www.lff.de/wp-content/uploads/2021/04/wand-eckig-02-scaled.jpg" rel="noreferrer" data-rel="iLightbox[gallery_image_1]" class="fusion-lightbox" target="_self"><img src="https://www.lff.de/wp-content/uploads/2021/04/wand-eckig-02-460x295.jpg" width="460" height="295" alt="Luxius Deckenleuchte" title="wand-eckig-02" aria-label="wand-eckig-02" class="img-responsive wp-image-1380 fusion-gallery-image-size-fixed" /></a></div></div><div class="clearfix"></div></div></div></div><style type="text/css">.fusion-body .fusion-builder-column-0{width:33.3333333333% !important;margin-top : 0px;margin-bottom : 20px;}.fusion-builder-column-0 > .fusion-column-wrapper {padding-top : 0px !important;padding-right : 0px !important;margin-right : 5.76%;padding-bottom : 0px !important;padding-left : 0px !important;margin-left : 5.76%;}@media only screen and (max-width:1024px) {.fusion-body .fusion-builder-column-0{width:33.3333333333% !important;order : 0;}.fusion-builder-column-0 > .fusion-column-wrapper {margin-right : 5.76%;margin-left : 5.76%;}}@media only screen and (max-width:640px) {.fusion-body .fusion-builder-column-0{width:100% !important;order : 0;}.fusion-builder-column-0 > .fusion-column-wrapper {margin-right : 1.92%;margin-left : 1.92%;}}</style><div class="fusion-layout-column fusion_builder_column fusion-builder-column-1 fusion_builder_column_2_3 2_3 fusion-flex-column"><div class="fusion-column-wrapper fusion-flex-justify-content-flex-start fusion-content-layout-column" style="background-position:left top;background-repeat:no-repeat;-webkit-background-size:cover;-moz-background-size:cover;-o-background-size:cover;background-size:cover;padding: 0px 0px 0px 0px;"><div class="fusion-text fusion-text-1" style="transform:translate3d(0,0,0);"><div class="artikel_text">
<p>Projekt<br />
Hotel Badezimmer</p>
<p>Produkt<br />
Luxius Spiegelleuchte</p>
<p>Installation<br />
Luxius Wandleuchten mit vollständigem, satiniertem<br />
Glaskörper, auf den Spiegel montiert, zur gleichmäßigen,<br />
blendfreien Ausleuchtung des Waschtisches.</p>
<p>Architektur<br />
Lichtkompetenz</p>
<p>Lichtplanung<br />
Lichtkompetenz</p>
<p>Foto<br />
Lichtkompetenz</p>
</div>
</div></div></div><style type="text/css">.fusion-body .fusion-builder-column-1{width:66.6666666667% !important;margin-top : 0px;margin-bottom : 20px;}.fusion-builder-column-1 > .fusion-column-wrapper {padding-top : 0px !important;padding-right : 0px !important;margin-right : 2.88%;padding-bottom : 0px !important;padding-left : 0px !important;margin-left : 2.88%;}@media only screen and (max-width:1024px) {.fusion-body .fusion-builder-column-1{width:66.6666666667% !important;order : 0;}.fusion-builder-column-1 > .fusion-column-wrapper {margin-right : 2.88%;margin-left : 2.88%;}}@media only screen and (max-width:640px) {.fusion-body .fusion-builder-column-1{width:100% !important;order : 0;}.fusion-builder-column-1 > .fusion-column-wrapper {margin-right : 1.92%;margin-left : 1.92%;}}</style></div><style type="text/css">.fusion-body .fusion-flex-container.fusion-builder-row-1{ padding-top : 0px;margin-top : 0px;padding-right : 0px;padding-bottom : 0px;margin-bottom : 0px;padding-left : 0px;}</style></div>
